.
133
What is -35 (base 12) in base 10?
-41
-7 (base 13) to base 15
-7
Convert 10 (base 6) to base 16.
6
10 (base 3) to base 4
3
Convert -8 (base 16) to base 8.
-10
Convert 13 (base 5) to base 13.
8
Convert -27 (base 13) to base 16.
-21
What is 24 (base 5) in base 10?
14
What is 7 (base 9) in base 6?
11
10 (base 8) to base 11
8
-60 (base 15) to base 16
-5a
Convert 32 (base 4) to base 3.
112
Convert -7b (base 13) to base 10.
-102
Convert -2 (base 9) to base 5.
-2
What is -2011 (base 3) in base 9?
-64
-6 (base 13) to base 2
-110
What is -7 (base 12) in base 5?
-12
What is -1 (base 7) in base 10?
-1
Convert -102 (base 9) to base 16.
-53
40 (base 8) to base 13
26
What is -123 (base 10) in base 5?
-443
11 (base 4) to base 11
5
58 (base 9) to base 7
104
Convert 3 (base 13) to base 7.
3
Convert -50 (base 13) to base 10.
-65
Convert 33 (base 11) to base 2.
100100
2 (base 14) to base 16
2
Convert 33 (base 4) to base 16.
f
Convert 11001 (base 2) to base 3.
221
What is -30 (base 12) in base 6?
-100
4 (base 11) to base 3
11
What is 10000 (base 2) in base 14?
12
What is 11 (base 10) in base 15?
b
Convert -67 (base 9) to base 5.
-221
What is -1001 (base 2) in base 12?
-9
0 (base 12) to base 10
0
What is -11001010 (base 2) in base 9?
-244
What is 43 (base 8) in base 4?
203
Convert -42 (base 8) to base 7.
-46
What is 12 (base 6) in base 12?
8
Convert -31 (base 16) to base 12.
-41
Convert 0 (base 13) to base 7.
0
What is -7 (base 15) in base 10?
-7
-53 (base 14) to base 16
-49
What is -21 (base 10) in base 8?
-25
Convert -187 (base 13) to base 9.
-341
What is -20011 (base 3) in base 7?
-325
-244 (base 7) to base 4
-2002
30 (base 5) to base 9
16
-1 (base 12) to base 7
-1
3 (base 11) to base 14
3
Convert -66 (base 13) to base 6.
-220
What is 136 (base 13) in base 7?
424
Convert -10101110 (base 2) to base 4.
-2232
Convert 22 (base 4) to base 12.
a
-20 (base 4) to base 15
-8
What is -7 (base 13) in base 14?
-7
Convert -11 (base 7) to base 13.
-8
Convert -24 (base 9) to base 12.
-1a
Convert 34 (base 6) to base 16.
16
-9 (base 11) to base 12
-9
-2 (base 7) to base 2
-10
What is -2b (base 12) in base 15?
-25
Convert 3 (base 10) to base 7.
3
Convert 1 (base 16) to base 7.
1
-3 (base 10) to base 8
-3
Convert 5 (base 13) to base 2.
101
What is -6 (base 14) in base 9?
-6
21 (base 5) to base 11
10
-b7 (base 16) to base 13
-111
Convert 1 (base 6) to base 12.
1
What is 2 (base 13) in base 12?
2
What is 10 (base 8) in base 5?
13
Convert 1030 (base 6) to base 14.
12a
20 (base 4) to base 5
13
4 (base 10) to base 4
10
Convert 82 (base 11) to base 15.
60
-13 (base 6) to base 3
-100
Convert 6d (base 14) to base 3.
10121
What is 1110100 (base 2) in base 7?
224
What is 14 (base 11) in base 14?
11
-313 (base 4) to base 11
-50
What is -114 (base 10) in base 13?
-8a
Convert 2 (base 11) to base 4.
2
Convert 172 (base 15) to base 10.
332
What is 1 (base 4) in base 7?
1
What is -2 (base 6) in base 9?
-2
What is 10 (base 10) in base 7?
13
What is 10 (base 6) in base 14?
6
-9 (base 11) to base 15
-9
Convert 5 (base 6) to base 16.
5
Convert 10212 (base 3) to base 10.
104
-77 (base 8) to base 11
-58
60 (base 8) to base 14
36
Convert -1122 (base 3) to base 13.
-35
What is -2101 (base 3) in base 15?
-44
Convert -1 (base 4) to base 15.
-1
What is -1005 (base 6) in base 12?
-165
-14 (base 7) to base 13
-b
Convert 0 (base 10) to base 7.
0
What is 210 (base 4) in base 6?
100
What is -1 (base 12) in base 10?
-1
What is 3 (base 11) in base 2?
11
22 (base 7) to base 4
100
What is -2123 (base 5) in base 12?
-200
What is 4 (base 8) in base 14?
4
a7 (base 14) to base 5
1042
Convert 6 (base 15) to base 10.
6
-100 (base 2) to base 4
-10
Convert -4 (base 9) to base 16.
-4
What is -65 (base 7) in base 12?
-3b
4 (base 5) to base 16
4
What is -2 (base 11) in base 16?
-2
What is 1044 (base 6) in base 8?
364
What is 7 (base 8) in base 9?
7
2 (base 6) to base 15
2
What is 3 (base 15) in base 13?
3
-10b (base 13) to base 9
-220
What is -130 (base 16) in base 14?
-17a
What is 2 (base 13) in base 3?
2
-123 (base 5) to base 16
-26
-10 (base 16) to base 5
-31
Convert 2 (base 14) to base 3.
2
-1 (base 16) to base 7
-1
What is -ab (base 14) in base 10?
-151
23 (base 6) to base 4
33
Convert 5 (base 11) to base 6.
5
-211 (base 5) to base 8
-70
What is 1 (base 14) in base 7?
1
What is -101111 (base 2) in base 13?
-38
Convert -10212 (base 3) to base 7.
-206
Convert -12 (base 6) to base 14.
-8
Convert -66 (base 15) to base 8.
-140
Convert -5 (base 16) to base 5.
-10
What is 3 (base 7) in base 5?
3
-3b (base 12) to base 5
-142
What is -3201 (base 4) in base 16?
-e1
What is -b7 (base 14) in base 12?
-115
184 (base 14) to base 4
10320
27 (base 15) to base 7
52
Convert -1200 (base 3) to base 14.
-33
Convert -11 (base 4) to base 8.
-5
What is -22 (base 7) in base 8?
-20
2 (base 12) to base 3
2
Convert -183 (base 9) to base 2.
-10011100
Convert 233 (base 9) to base 16.
c0
147 (base 9) to base 10
124
7 (base 16) to base 7
10
What is 3 (base 16) in base 7?
3
What is 16 (base 10) in base 6?
24
What is -3 (base 5) in base 11?
-3
122 (base 5) to base 15
27
What is -72 (base 8) in base 12?
-4a
3 (base 6) to base 3
10
What is 33 (base 5) in base 13?
15
Convert -3 (base 11) to base 13.
-3
-2 (base 4) to base 12
-2
What is -2 (base 9) in base 15?
-2
Convert -3 (base 14) to base 5.
-3
What is 26 (base 9) in base 10?
24
Convert -2203 (base 4) to base 6.
-431
85 (base 14) to base 7
225
Convert -6e (base 15) to base 5.
-404
What is 67 (base 16) in base 2?
1100111
-2 (base 13) to base 3
-2
3 (base 9) to base 11
3
What is -4 (base 15) in base 5?
-4
91 (base 14) to base 11
106
-29 (base 13) to base 3
-1022
Convert -51 (base 11) to base 13.
-44
Convert 442 (base 6) to base 13.
101
What is 17 (base 14) in base 9?
23
-21 (base 9) to base 7
-25
Convert 11 (base 3) to base 12.
4
5 (base 7) to base 2
101
What is 22 (base 4) in base 6?
14
What is 16 (base 13) in base 14?
15
What is -10 (base 13) in base 5?
-23
Convert 3 (base 9) to base 12.
3
Convert -86 (base 10) to base 3.
-10012
What is -1 (base 5) in base 15?
-1
Convert 24 (base 14) to base 4.
200
-4 (base 12) to base 4
-10
What is -63 (base 13) in base 14?
-5b
16 (base 7) to base 4
31
What is 20 (base 3) in base 5?
11
-2 (base 6) to base 16
-2
-12 (base 7) to base 6
-13
Convert -7b (base 13) to base 12.
-86
4 (base 10) to base 8
4
What is -425 (base 6) in base 16?
-a1
What is -e (base 16) in base 11?
-13
Convert -4 (base 5) to base 16.
-4
-1 (base 8) to base 12
-1
Convert 4 (base 6) to base 14.
4
What is -332 (base 4) in base 12?
-52
What is 56 (base 11) in base 13?
49
Convert 31 (base 9) to base 12.
24
-1 (base 4) to base 2
-1
-1 (base 10) to base 9
-1
Convert -171 (base 11) to base 13.
-124
What is 211 (base 6) in base 15?
54
Convert -1043 (base 5) to base 6.
-404
What is -26 (base 9) in base 3?
-220
Convert -571 (base 8) to base 9.
-458
-10011 (base 2) to base 5
-34
Convert 5 (base 14) to base 6.
5
What is 1 (base 2) in base 15?
1
Convert 11 (base 4) to base 12.
5
What is 3 (base 13) in base 12?
3
Convert 30 (base 4) to base 3.
110
6 (base 9) to base 7
6
What is 3 (base 10) in base 16?
3
Convert -14 (base 11) to base 16.
-f
Convert -110 (base 2) to base 13.
-6
What is -15 (base 13) in base 9?
-20
Convert -7 (base 12) to base 14.
-7
Convert 3 (base 6) to base 11.
3
What is 32 (base 6) in base 15?
15
What is -6 (base 11) in base 14?
-6
Convert -17 (base 9) to base 13.
-13
Convert -5 (base 16) to base 5.
-10
Convert 2 (base 4) to base 7.
2
-81 (base 16) to base 10
-129
5 (base 8) to base 5
10
What is -10 (base 4) in base 5?
-4
What is 0 (base 14) in base 6?
0
Convert e (base 16) to base 4.
32
Convert 3 (base 6) to base 8.
3
-214 (base 6) to base 5
-312
31 (base 5) to base 2
10000
What is 442 (base 6) in base 16?
aa
-2 (base 10) to base 4
-2
What is -187 (base 9) in base 6?
-424
Convert -2412 (base 5) to base 9.
-436
Convert 0 (base 14) to base 13.
0
Convert -5 (base 13) to base 15.
-5
Convert -276 (base 11) to base 2.
-101000101
What is -4 (base 13) in base 2?
-100
Convert -1e (base 16) to base 13.
-24
-117 (base 8) to base 9
-87
Convert 174 (base 9) to base 7.
301
What is -2 (base 10) in base 5?
-2
13 (base 13) to base 2
10000
1 (base 11) to base 12
1
-10101 (base 3) to base 5
-331
What is -